{"id":13,"date":"2021-10-20T21:11:50","date_gmt":"2021-10-20T19:11:50","guid":{"rendered":"https:\/\/denktier.at\/pferd\/?page_id=13"},"modified":"2023-08-11T16:09:33","modified_gmt":"2023-08-11T14:09:33","slug":"ueber-mich","status":"publish","type":"page","link":"https:\/\/denktier.at\/pferd\/ueber-mich\/","title":{"rendered":"\u00fcber mich"},"content":{"rendered":"<p><strong>die welt der pferde<\/strong><\/p>\n<p>dieses gef\u00fchl, wenn eine kleine fingerbewegung oder ein ausatmen gen\u00fcgen und dein pferd reagiert.\u00a0 dieser magischen moment,\u00a0 wenn man sich begegnet und in den augen des pferdes die erkenntnis aufblitzt: da ist jemand, der mich wirklich sieht, der mich versteht, mit allem, was ich bin.<\/p>\n<p>so soll dein pferd dich ansehen, jeden tag!<\/p>\n<p>meine mission ist es, euch dorthin zu begleiten. und vorsicht: ich nehme meine missionen sehr ernst und hab sch\u00f6n \u00f6fter die welt ver\u00e4ndert (als umweltaktivistin, in der politik, im tierschutz) und hab vor, auch die von deinem pferd und dir ein bisschen zu \u00e4ndern und mehr freude und teamwork reinzubringen (nat\u00fcrlich nur, wenn du das m\u00f6chtest).<\/p>\n<p>mit tieren leben hei\u00dft f\u00fcr mich leichtigkeit und n\u00e4he erfahren. die gemeinsame freude daran, etwas neues zu lernen.<\/p>\n<p>eintauchen in die welt des anderen. die welt mit pferdeaugen sehen und ihm das zurechtkommen in unserer menschenwelt einfacher machen.<\/p>\n<h3 style=\"text-align: center;\">MEINE AUSBILDUNG<\/h3>\n<p>ich hatte das gro\u00dfe gl\u00fcck, erst sp\u00e4t zu den pferden zu sto\u00dfen und gleich von anfang an jene dinge zu lernen, die mir wichtig und richtig erschienen: verst\u00e4ndnis f\u00fcrs pferdeverhalten in meinem post-graduate studium f\u00fcr tierverhaltensberatung an der university of southampton, einen sanften und k\u00f6rperbewussten umgang mit dem pferd in der ausbildung zum tellington-practitioner und ein feines reiten und biomechanisch richtige gymnastizierung nach der connected riding methode von peggy cummings.<\/p>\n<p>nicht zu vergessen meine vierbeinigen gro\u00dfartigen lehrer scotty, samir und sueno.<\/p>\n<h3 style=\"text-align: center;\">MEINE ERFAHRUNGEN<\/h3>\n<p>mein schwerpunkt ist nicht das reiten, sondern das verstehen von pferden und das bem\u00fchen, ihren bed\u00fcrfnissen gerecht zu werden. das kommt zu einem gro\u00dfen teil daher, dass ich haupts\u00e4chlich zu den &#8222;schwierigen&#8220; pferden geholt werde, die sich praktisch immer als unverstandene pferde herausstellen.<\/p>\n<p>wie aber soll ein pferd freundlich im umgang sein, wenn es immer grob behandelt wurde oder nie gute manieren gelernt hat? wie soll es beim reiten fein reagieren, wenn der sattel dr\u00fcckt, der r\u00fccken schmerzt und das genick verspannt ist? und wie soll es entspannt und gelassen reagieren, wenn es nicht vern\u00fcnftig ausgelastet wird oder die haltungsbedingungen nicht passen?<\/p>\n<p><img loading=\"lazy\" decoding=\"async\" title=\"Untitled design (9)\" src=\"https:\/\/denktier.at\/pferd\/wp-content\/uploads\/2022\/10\/Untitled-design-9.jpg\" alt=\"\" width=\"519\" height=\"519\" data-id=\"270\" data-init-width=\"800\" data-init-height=\"800\" data-width=\"519\" data-height=\"519\" \/><\/p>\n<p style=\"text-align: right;\"><strong>MEINE PFERDE<\/strong><\/p>\n<p><img loading=\"lazy\" decoding=\"async\" title=\"Untitled design (10)\" src=\"https:\/\/denktier.at\/pferd\/wp-content\/uploads\/2022\/10\/Untitled-design-10.jpg\" alt=\"\" width=\"314\" height=\"314\" data-id=\"272\" data-init-width=\"800\" data-init-height=\"800\" data-width=\"314\" data-height=\"314\" \/><\/p>\n<h4>SAMIR<\/h4>\n<p>samir ist ein reinrassiger berber, den ich als j\u00e4hrling zu mir geholt, selber ausgebildet und selber angeritten habe &#8211; und das sp\u00e4t und partnerschaftlich und ohne das pferd zu &#8222;brechen&#8220;. er ist der lehrmeister hinter der freiheitsdressur und dem denksport f\u00fcr pferde, den ich entwickelt habe.<\/p>\n<p><img loading=\"lazy\" decoding=\"async\" title=\"nobel portr\u00e4t\" src=\"https:\/\/denktier.at\/pferd\/wp-content\/uploads\/2022\/10\/nobel-portraet.jpg\" alt=\"\" width=\"314\" height=\"314\" data-id=\"273\" data-init-width=\"231\" data-init-height=\"232\" data-width=\"314\" data-height=\"314\" \/><\/p>\n<h4>NOBEL<\/h4>\n<p>der aufgeweckte und arbeitslustige traber nobel wollte nach seiner pensionierung von der rennbahn weiterhin besch\u00e4ftigung haben. er hat sich ungeplant und \u00fcberraschend als besonders sensibler assistent f\u00fcr pferdegest\u00fctzes coaching entpuppt.<\/p>\n<p><img loading=\"lazy\" decoding=\"async\" title=\"Untitled design (11)\" src=\"https:\/\/denktier.at\/pferd\/wp-content\/uploads\/2022\/10\/Untitled-design-11.jpg\" alt=\"\" width=\"314\" height=\"314\" data-id=\"274\" data-init-width=\"800\" data-init-height=\"800\" data-width=\"314\" data-height=\"314\" \/><\/p>\n<h4>L\u00d6WENHERZ<\/h4>\n<p>wegen headshaking war der vollbl\u00fcter unreitbar geworden und sollte weg. so landete er bei mir, im rehab-training und wurde doch prompt ein einf\u00fchlsames unterrichtspferd f\u00fcr anf\u00e4nger. inzwischen ist er wegen mondblindheit v\u00f6llig erblindet und genie\u00dft seinen ruhestand als<span style=\"color: rgba(32, 188, 117, 0.85);\"> <a style=\"outline: none;\" href=\"http:\/\/sternpferd.at\" target=\"_blank\" rel=\"noopener\">&#8222;sternpferd&#8220;.<\/a><\/span><\/p>\n<p><img loading=\"lazy\" decoding=\"async\" title=\"Untitled design (12)\" src=\"https:\/\/denktier.at\/pferd\/wp-content\/uploads\/2022\/10\/Untitled-design-12.jpg\" alt=\"\" width=\"314\" height=\"314\" data-id=\"275\" data-init-width=\"800\" data-init-height=\"800\" data-width=\"314\" data-height=\"314\" \/><\/p>\n<h4>SCOTTI<\/h4>\n<p>der alte traber, ehemals reitpferd, w\u00e4re beim schlachter gelandet, wenn ich reitneuling ihn damals nicht \u00fcbernommen h\u00e4tte. er hat mir beigebracht, einem k\u00f6rperlich und emotional &#8222;kaputten&#8220; pferd wieder zu lebensfreude zu verhelfen und war meine erste gro\u00dfe pferdeliebe.<\/p>\n<p><img loading=\"lazy\" decoding=\"async\" title=\"Untitled design (13)\" src=\"https:\/\/denktier.at\/pferd\/wp-content\/uploads\/2022\/10\/Untitled-design-13.jpg\" alt=\"\" width=\"314\" height=\"314\" data-id=\"276\" data-init-width=\"800\" data-init-height=\"800\" data-width=\"314\" data-height=\"314\" \/><\/p>\n<h4>SUENO<\/h4>\n<p>der kleine paso peruano mit den kaputten beinen war das sanfteste und fr\u00f6hlichste pferd, das ich je kennengelernt habe und das trotz seiner schwierigen vorgeschichte. get\u00f6ltet sind wir nie, aber viel spazieren gegangen und mit connected bodenarbeit lief auch die hinterhand wieder aktiv mit.<\/p>\n<p><img loading=\"lazy\" decoding=\"async\" title=\"Untitled design (14)\" src=\"https:\/\/denktier.at\/pferd\/wp-content\/uploads\/2022\/10\/Untitled-design-14.jpg\" alt=\"\" width=\"314\" height=\"314\" data-id=\"278\" data-init-width=\"800\" data-init-height=\"800\" data-width=\"314\" data-height=\"314\" \/><\/p>\n<h4>SUNNY<\/h4>\n<p>als der reitbetrieb pleite ging, gab es f\u00fcr das alte unterrichtspferd keinen platz mehr und so kam er als <span style=\"color: rgba(32, 188, 117, 0.85);\"><a style=\"outline: none;\" href=\"http:\/\/sternpferd.at\" target=\"_blank\" rel=\"noopener\"><span style=\"--tcb-applied-color: rgba(32, 188, 117, 0.85) !important;\">&#8222;sternpferd&#8220;<\/span><\/a><\/span> zu mir und geno\u00df noch ein paar jahre ohne arbeit in einer netten herde und mit viel futter und weide. sein freund l\u00f6wenherz vermisst ihn und freundliches schnobern fehlt im stall.<\/p>\n<h3 style=\"text-align: center;\">WAS MAN \u00dcBER MICH NOCH WISSEN MUSS&#8230;<\/h3>\n<ul>\n<li>ich mag&#8217;s gern klar, einfach und gradlinig<\/li>\n<li>mitternachtsschicht? kein problem. aber fr\u00fch aufstehen? naja\u2026<\/li>\n<li>nach den tieren kommen gleich die b\u00fccher, am liebsten US-frauenkrimis<\/li>\n<li>meine droge der wahl: matcha latte, bitte mit mandelmilch<\/li>\n<li>wald(viertel), granitbl\u00f6cke und teiche sind meins. berge weniger.<\/li>\n<li>bitte blo\u00df keine unangek\u00fcndigten besuche &#8211; au\u00dfer zum aufr\u00e4umen!<\/li>\n<li>mein ganz privates tierschutzprojekt hei\u00dft <a style=\"outline: none;\" href=\"http:\/\/sternpferd.at\/\" target=\"_blank\" rel=\"noopener\">sternpferd<\/a>.<\/li>\n<li>meine lieblingsfarben: t\u00fcrkisblaues meer, frischgr\u00fcne smoothies und knallrote schuhe.<\/li>\n<\/ul>\n<p>&nbsp;<\/p>\n","protected":false},"excerpt":{"rendered":"<p>die welt der pferde dieses gef\u00fchl, wenn eine kleine fingerbewegung oder ein ausatmen gen\u00fcgen und dein pferd reagiert.\u00a0 dieser magischen moment,\u00a0 wenn man sich begegnet und in den augen des pferdes die erkenntnis aufblitzt: da ist jemand, der mich wirklich sieht, der mich versteht, mit allem, was ich bin. so soll dein pferd dich ansehen, [&hellip;]<\/p>\n","protected":false},"author":1,"featured_media":359,"parent":0,"menu_order":0,"comment_status":"closed","ping_status":"closed","template":"","meta":{"footnotes":""},"class_list":["post-13","page","type-page","status-publish","has-post-thumbnail","hentry","post-wrapper","thrv_wrapper"],"yoast_head":"<!-- This site is optimized with the Yoast SEO plugin v27.2 - https:\/\/yoast.com\/product\/yoast-seo-wordpress\/ -->\n<title>\u00fcber mich - denktier pferd<\/title>\n<meta name=\"robots\" content=\"index, follow, max-snippet:-1, max-image-preview:large, max-video-preview:-1\" \/>\n<link rel=\"canonical\" href=\"https:\/\/denktier.at\/pferd\/ueber-mich\/\" \/>\n<meta property=\"og:locale\" content=\"de_DE\" \/>\n<meta property=\"og:type\" content=\"article\" \/>\n<meta property=\"og:title\" content=\"\u00fcber mich - denktier pferd\" \/>\n<meta property=\"og:description\" content=\"die welt der pferde dieses gef\u00fchl, wenn eine kleine fingerbewegung oder ein ausatmen gen\u00fcgen und dein pferd reagiert.\u00a0 dieser magischen moment,\u00a0 wenn man sich begegnet und in den augen des pferdes die erkenntnis aufblitzt: da ist jemand, der mich wirklich sieht, der mich versteht, mit allem, was ich bin. so soll dein pferd dich ansehen, [&hellip;]\" \/>\n<meta property=\"og:url\" content=\"https:\/\/denktier.at\/pferd\/ueber-mich\/\" \/>\n<meta property=\"og:site_name\" content=\"denktier pferd\" \/>\n<meta property=\"article:modified_time\" content=\"2023-08-11T14:09:33+00:00\" \/>\n<meta property=\"og:image\" content=\"https:\/\/denktier.at\/pferd\/wp-content\/uploads\/2022\/10\/3-1.jpg\" \/>\n\t<meta property=\"og:image:width\" content=\"1366\" \/>\n\t<meta property=\"og:image:height\" content=\"768\" \/>\n\t<meta property=\"og:image:type\" content=\"image\/jpeg\" \/>\n<meta name=\"twitter:card\" content=\"summary_large_image\" \/>\n<meta name=\"twitter:label1\" content=\"Gesch\u00e4tzte Lesezeit\" \/>\n\t<meta name=\"twitter:data1\" content=\"6 Minuten\" \/>\n<script type=\"application\/ld+json\" class=\"yoast-schema-graph\">{\"@context\":\"https:\/\/schema.org\",\"@graph\":[{\"@type\":\"WebPage\",\"@id\":\"https:\/\/denktier.at\/pferd\/ueber-mich\/\",\"url\":\"https:\/\/denktier.at\/pferd\/ueber-mich\/\",\"name\":\"\u00fcber mich - denktier pferd\",\"isPartOf\":{\"@id\":\"https:\/\/denktier.at\/pferd\/#website\"},\"primaryImageOfPage\":{\"@id\":\"https:\/\/denktier.at\/pferd\/ueber-mich\/#primaryimage\"},\"image\":{\"@id\":\"https:\/\/denktier.at\/pferd\/ueber-mich\/#primaryimage\"},\"thumbnailUrl\":\"https:\/\/denktier.at\/pferd\/wp-content\/uploads\/2022\/10\/3-1.jpg\",\"datePublished\":\"2021-10-20T19:11:50+00:00\",\"dateModified\":\"2023-08-11T14:09:33+00:00\",\"breadcrumb\":{\"@id\":\"https:\/\/denktier.at\/pferd\/ueber-mich\/#breadcrumb\"},\"inLanguage\":\"de-AT\",\"potentialAction\":[{\"@type\":\"ReadAction\",\"target\":[\"https:\/\/denktier.at\/pferd\/ueber-mich\/\"]}]},{\"@type\":\"ImageObject\",\"inLanguage\":\"de-AT\",\"@id\":\"https:\/\/denktier.at\/pferd\/ueber-mich\/#primaryimage\",\"url\":\"https:\/\/denktier.at\/pferd\/wp-content\/uploads\/2022\/10\/3-1.jpg\",\"contentUrl\":\"https:\/\/denktier.at\/pferd\/wp-content\/uploads\/2022\/10\/3-1.jpg\",\"width\":1366,\"height\":768},{\"@type\":\"BreadcrumbList\",\"@id\":\"https:\/\/denktier.at\/pferd\/ueber-mich\/#breadcrumb\",\"itemListElement\":[{\"@type\":\"ListItem\",\"position\":1,\"name\":\"Home\",\"item\":\"https:\/\/denktier.at\/pferd\/\"},{\"@type\":\"ListItem\",\"position\":2,\"name\":\"\u00fcber mich\"}]},{\"@type\":\"WebSite\",\"@id\":\"https:\/\/denktier.at\/pferd\/#website\",\"url\":\"https:\/\/denktier.at\/pferd\/\",\"name\":\"denktier pferd\",\"description\":\"\",\"potentialAction\":[{\"@type\":\"SearchAction\",\"target\":{\"@type\":\"EntryPoint\",\"urlTemplate\":\"https:\/\/denktier.at\/pferd\/?s={search_term_string}\"},\"query-input\":{\"@type\":\"PropertyValueSpecification\",\"valueRequired\":true,\"valueName\":\"search_term_string\"}}],\"inLanguage\":\"de-AT\"}]}<\/script>\n<!-- \/ Yoast SEO plugin. -->","yoast_head_json":{"title":"\u00fcber mich - denktier pferd","robots":{"index":"index","follow":"follow","max-snippet":"max-snippet:-1","max-image-preview":"max-image-preview:large","max-video-preview":"max-video-preview:-1"},"canonical":"https:\/\/denktier.at\/pferd\/ueber-mich\/","og_locale":"de_DE","og_type":"article","og_title":"\u00fcber mich - denktier pferd","og_description":"die welt der pferde dieses gef\u00fchl, wenn eine kleine fingerbewegung oder ein ausatmen gen\u00fcgen und dein pferd reagiert.\u00a0 dieser magischen moment,\u00a0 wenn man sich begegnet und in den augen des pferdes die erkenntnis aufblitzt: da ist jemand, der mich wirklich sieht, der mich versteht, mit allem, was ich bin. so soll dein pferd dich ansehen, [&hellip;]","og_url":"https:\/\/denktier.at\/pferd\/ueber-mich\/","og_site_name":"denktier pferd","article_modified_time":"2023-08-11T14:09:33+00:00","og_image":[{"width":1366,"height":768,"url":"https:\/\/denktier.at\/pferd\/wp-content\/uploads\/2022\/10\/3-1.jpg","type":"image\/jpeg"}],"twitter_card":"summary_large_image","twitter_misc":{"Gesch\u00e4tzte Lesezeit":"6 Minuten"},"schema":{"@context":"https:\/\/schema.org","@graph":[{"@type":"WebPage","@id":"https:\/\/denktier.at\/pferd\/ueber-mich\/","url":"https:\/\/denktier.at\/pferd\/ueber-mich\/","name":"\u00fcber mich - denktier pferd","isPartOf":{"@id":"https:\/\/denktier.at\/pferd\/#website"},"primaryImageOfPage":{"@id":"https:\/\/denktier.at\/pferd\/ueber-mich\/#primaryimage"},"image":{"@id":"https:\/\/denktier.at\/pferd\/ueber-mich\/#primaryimage"},"thumbnailUrl":"https:\/\/denktier.at\/pferd\/wp-content\/uploads\/2022\/10\/3-1.jpg","datePublished":"2021-10-20T19:11:50+00:00","dateModified":"2023-08-11T14:09:33+00:00","breadcrumb":{"@id":"https:\/\/denktier.at\/pferd\/ueber-mich\/#breadcrumb"},"inLanguage":"de-AT","potentialAction":[{"@type":"ReadAction","target":["https:\/\/denktier.at\/pferd\/ueber-mich\/"]}]},{"@type":"ImageObject","inLanguage":"de-AT","@id":"https:\/\/denktier.at\/pferd\/ueber-mich\/#primaryimage","url":"https:\/\/denktier.at\/pferd\/wp-content\/uploads\/2022\/10\/3-1.jpg","contentUrl":"https:\/\/denktier.at\/pferd\/wp-content\/uploads\/2022\/10\/3-1.jpg","width":1366,"height":768},{"@type":"BreadcrumbList","@id":"https:\/\/denktier.at\/pferd\/ueber-mich\/#breadcrumb","itemListElement":[{"@type":"ListItem","position":1,"name":"Home","item":"https:\/\/denktier.at\/pferd\/"},{"@type":"ListItem","position":2,"name":"\u00fcber mich"}]},{"@type":"WebSite","@id":"https:\/\/denktier.at\/pferd\/#website","url":"https:\/\/denktier.at\/pferd\/","name":"denktier pferd","description":"","potentialAction":[{"@type":"SearchAction","target":{"@type":"EntryPoint","urlTemplate":"https:\/\/denktier.at\/pferd\/?s={search_term_string}"},"query-input":{"@type":"PropertyValueSpecification","valueRequired":true,"valueName":"search_term_string"}}],"inLanguage":"de-AT"}]}},"_links":{"self":[{"href":"https:\/\/denktier.at\/pferd\/wp-json\/wp\/v2\/pages\/13","targetHints":{"allow":["GET"]}}],"collection":[{"href":"https:\/\/denktier.at\/pferd\/wp-json\/wp\/v2\/pages"}],"about":[{"href":"https:\/\/denktier.at\/pferd\/wp-json\/wp\/v2\/types\/page"}],"author":[{"embeddable":true,"href":"https:\/\/denktier.at\/pferd\/wp-json\/wp\/v2\/users\/1"}],"replies":[{"embeddable":true,"href":"https:\/\/denktier.at\/pferd\/wp-json\/wp\/v2\/comments?post=13"}],"version-history":[{"count":17,"href":"https:\/\/denktier.at\/pferd\/wp-json\/wp\/v2\/pages\/13\/revisions"}],"predecessor-version":[{"id":574,"href":"https:\/\/denktier.at\/pferd\/wp-json\/wp\/v2\/pages\/13\/revisions\/574"}],"wp:featuredmedia":[{"embeddable":true,"href":"https:\/\/denktier.at\/pferd\/wp-json\/wp\/v2\/media\/359"}],"wp:attachment":[{"href":"https:\/\/denktier.at\/pferd\/wp-json\/wp\/v2\/media?parent=13"}],"curies":[{"name":"wp","href":"https:\/\/api.w.org\/{rel}","templated":true}]}}